7 a prime number?
False
Is 5793743 prime?
True
Is 5141 composite?
True
Is 5227 composite?
False
Is 25073 prime?
True
Is 6274 a composite number?
True
Is 10007 prime?
True
Is 469231 a composite number?
True
Is 497551 a prime number?
True
Is 10819 prime?
False
Is 11797 a prime number?
False
Is 281621 a composite number?
False
Is 70289 a composite number?
False
Is 9651 a composite number?
True
Is 815099 composite?
True
Is 53243 composite?
True
Is 41113 composite?
False
Is 2760649 a prime number?
True
Is 119 composite?
True
Is 201151 a composite number?
False
Is 298397 a prime number?
False
Is 4583 a prime number?
True
Is 90907 prime?
True
Is 13217 a composite number?
False
Is 8933 a composite number?
False
Is 3163 prime?
True
Is 1220027 a prime number?
True
Is 1944463 composite?
True
Is 127063 a prime number?
False
Is 18761 prime?
False
Is 311 a composite number?
False
Is 434393 a composite number?
True
Is 715637 prime?
False
Is 6941 a composite number?
True
Is 27973 a composite number?
True
Is 2511541 a prime number?
True
Is 41999 a prime number?
True
Is 5539 a composite number?
True
Is 5929085 a prime number?
False
Is 11269 prime?
False
Is 45791 a prime number?
False
Is 12661 a prime number?
False
Is 41161 a composite number?
False
Is 179 a prime number?
True
Is 882331 composite?
True
Is 241089 composite?
True
Is 468019 a composite number?
False
Is 1279571 prime?
False
Is 1524889 prime?
False
Is 4813 composite?
False
Is 133417 a composite number?
False
Is 9277 a composite number?
False
Is 67103 a prime number?
True
Is 250109 composite?
False
Is 10169 a composite number?
False
Is 571385 a prime number?
False
Is 11599 prime?
False
Is 79657 a prime number?
True
Is 18851 a composite number?
True
Is 1067 a prime number?
False
Is 38289 prime?
False
Is 971089 a composite number?
True
Is 25777 prime?
False
Is 707 composite?
True
Is 712685 prime?
False
Is 5449 composite?
False
Is 24169 composite?
False
Is 25367 a composite number?
False
Is 24873 a prime number?
False
Is 321163 prime?
True
Is 780553 a composite number?
False
Is 11113 a prime number?
True
Is 1603 composite?
True
Is 76754 composite?
True
Is 5933 a prime number?
False
Is 32167 a prime number?
False
Is 109589 prime?
True
Is 93683 composite?
False
Is 229717 composite?
False
Is 28387 a composite number?
False
Is 456091 a composite number?
False
Is 5807 a prime number?
True
Is 108029 a prime number?
False
Is 43073 a prime number?
False
Is 77335 prime?
False
Is 5435 composite?
True
Is 18119 a composite number?
False
Is 4907 prime?
False
Is 319089 a composite number?
True
Is 34907 a prime number?
False
Is 64811 a composite number?
False
Is 121039 a composite number?
False
Is 350087 prime?
True
Is 34027 a prime number?
False
Is 41071 a prime number?
False
Is 33287 prime?
True
Is 46653 a composite number?
True
Is 4739 prime?
False
Is 924139 composite?
False
Is 144717 prime?
False
Is 8453 composite?
True
Is 69613 composite?
True
Is 1812301 a prime number?
True
Is 68569 a prime number?
False
Is 7513 a composite number?
True
Is 246859 prime?
False
Is 32987 a composite number?
False
Is 37469 prime?
False
Is 3407 prime?
True
Is 448129 prime?
False
Is 4861 composite?
False
Is 67721 prime?
False
Is 111391 composite?
True
Is 134669 a composite number?
False
Is 3251 a prime number?
True
Is 23 a prime number?
True
Is 252859 a prime number?
False
Is 15013 prime?
True
Is 835 a composite number?
True
Is 54187 a composite number?
True
Is 351161 a prime number?
False
Is 2179 a prime number?
True
Is 479623 a composite number?
False
Is 4429 a composite number?
True
Is 1556717 prime?
True
Is 87179 composite?
False
Is 197927 a composite number?
False
Is 122921 a prime number?
True
Is 8709 a prime number?
False
Is 43247 a prime number?
False
Is 167521 a composite number?
False
Is 9809 prime?
False
Is 106637 composite?
False
Is 4703 a composite number?
False
Is 55177 a composite number?
True
Is 1949 a composite number?
False
Is 4880885 a prime number?
False
Is 18947 composite?
False
Is 2315 composite?
True
Is 22921 composite?
False
Is 5905 prime?
False
Is 14221 composite?
False
Is 5969 composite?
True
Is 27785 a prime number?
False
Is 905963 prime?
True
Is 142853 prime?
False
Is 1391927 a composite number?
False
Is 13577 a composite number?
False
Is 171917 composite?
False
Is 406841 composite?
True
Is 398623 a composite number?
True
Is 670529 a prime number?
False
Is 275285 prime?
False
Is 3197747 composite?
True
Is 52553 prime?
True
Is 15877 composite?
False
Is 25607 composite?
True
Is 36451 a composite number?
False
Is 54709 a composite number?
False
Is 89641 prime?
False
Is 2403599 composite?
True
Is 129169 a prime number?
True
Is 22469 a prime number?
True
Is 1685 composite?
True
Is 170987 a prime number?
False
Is 13523 a composite number?
False
Is 1441 prime?
False
Is 55007 composite?
True
Is 348427 composite?
True
Is 13443 a composite number?
True
Is 4373 prime?
True
Is 15133 prime?
False
Is 100613 a prime number?
True
Is 4319 composite?
True
Is 14866 a prime number?
False
Is 139807 composite?
True
Is 8543 composite?
False
Is 304411 prime?
True
Is 33547 a prime number?
True
Is 12394 prime?
False
Is 72109 a composite number?
False
Is 73153 a composite number?
True
Is 174121 prime?
True
Is 58397 prime?
False
Is 929731 composite?
True
Is 2669 composite?
True
Is 166009 a composite number?
True
Is 5261 a prime number?
True
Is 9151 a prime number?
True
Is 769778 composite?
True
Is 87781 a prime number?
False
Is 19181 a composite number?
False
Is 13849 a prime number?
False
Is 33101 a prime number?
False
Is 4045 a prime number?
False
Is 2692039 a composite number?
True
Is 34249 a composite number?
True
Is 4109851 composite?
True
Is 5897 a prime number?
True
Is 16837 a prime number?
False
Is 8149 a prime number?
False
Is 72211 composite?
False
Is 1031 prime?
True
Is 196457 composite?
True
Is 119481 composite?
True
Is 2183 prime?
False
Is 7217 a prime number?
False
Is 56767 a composite number?
False
Is 41491 a composite number?
False
Is 6883431 a prime number?
False
Is 1082623 a composite number?
True
Is 7447 composite?
True
Is 291703 prime?
False
Is 161 prime?
False
Is 13709 a prime number?
True
Is 336271 composite?
True
Is 571855 a prime number?
False
Is 1693 prime?
True
Is 8069 composite?
False
Is 8518 a prime number?
False
Is 83 a composite number?
False
Is 9587 a prime number?
True
Is 360407 a composite number?
False
Is 265831 a composite number?
False
Is 64673 a prime number?
False
Is 5323 a prime number?
True
Is 18191 composite?
False
Is 571669 composite?
True
Is 7723 a prime number?
True
Is 62459 composite?
False
Is 278995 prime?
False
Is 567601 prime?
True
Is 7751 a prime number?
False
Is 3453 composite?
True
Is 90169 prime?
False
Is 21313 a composite number?
False
Is 418081 a composite number?
True
Is 49559 composite?
False
Is 32117 a prime number?
True
Is 3683 prime?
False
Is 10553 a prime number?
False
Is 7817 a composite number?
False
Is 1314517 a prime number?
True
Is 387493 a prime number?
True
Is 1449361 a composite number?
False
Is 102343 a prime number?
False
Is 89227 a composite number?
False
Is 453107 a composite number?
False
Is 213573 a composite number?
True
Is 99899 prime?
False
Is 175309 composite?
False
Is 79031 prime?
True
Is 10033 a prime number?
False
Is 17561 composite?
True
Is 42505 composite?
True
Is 458789 a prime number?
True
Is 21233 a composite number?
True
Is 55103 prime?
True
Is 5561 prime?
False
Is 196919 a prime number?
True
Is 126397 a composite number?
False
Is 66587 a prime number?
True
Is 5623 prime?
True
Is 16919 prime?
False
Is 7393 composite?
False
Is 488779 prime?
True
Is 217267 prime?
False
Is 18019 a composite number?
True
Is 152326 a prime number?
False
Is 50201 composite?
True
Is 1055459 prime?
False
Is 2437 composite?
False
Is 19937 a prime number?
True
Is 815231 a composite number?
False
Is 3011 prime?
True
Is 75241 composite?
True
Is 10231945 a prime number?
False
Is 2483 a prime number?
False
Is 1139 a composite number?
True
Is 295447 a composite number?
True
Is 82055 a composite number?
True
Is 889921 a composite number?
False
Is 243623 a composite number?
False
Is 1843867 prime?
True
Is 5209 a composite number?
False
Is 195493 prime?
True
Is 8083 prime?
False
